
2
Suppose -6*j = -11*j + 65. Let b = -1 + j. List the prime factors of b.
2, 3
Let l(v) = 2*v**2 + v - 1. Let x be l(1). Suppose 4*s - 4 = -3*j + 46, 0 = -x*j - 4*s + 36. What are the prime factors of j?
2, 7
List the prime factors of (-20)/(1 - (6 + -3)).
2, 5
Let p be (24/(-15))/(1/(-20)). Let j = p + -18. What are the prime factors of j?
2, 7
Suppose -5*u - 3*w + 1094 = 0, -4*u + 4*w + 865 = 3*w. List the prime factors of u.
7, 31
Let f = 137 - 60. What are the prime factors of f?
7, 11
Suppose 0 = 4*x + 3*o - 676, -2*x - o + 133 + 207 = 0. List the prime factors of x.
2, 43
Let c = 10 - 5. Suppose -t = -3*d - c + 19, 3*t = 2*d - 21. Suppose d*i = -5*a + 21, -a + i + 1 = -0*a. List the prime factors of a.
3
Suppose -8 = -5*d + 2. Let p(r) = -r**2 + 8*r. Let z be p(7). Suppose -d*k + z*k = 70. What are the prime factors of k?
2, 7
Let n(v) = -v**2 + 11*v - 8. Let f = -4 - -9. Suppose 0 = f*i - 31 - 14. List the prime factors of n(i).
2, 5
Suppose 10*c - 147 = 7*c. What are the prime factors of c?
7
Suppose -11 = -5*a - 1. Suppose 4*q + 3 + 7 = -a*f, 3*q + 9 = -2*f. Let j = 6 + f. What are the prime factors of j?
3
Let a be 8/6*(-18)/(-12). Suppose -a*g + z = -5*g + 7, 0 = -4*z + 4. Let j = 12 - g. What are the prime factors of j?
2, 5
Suppose 3*q - 21 - 51 = 0. Let h = q - 11. What are the prime factors of h?
13
Let z be ((-16)/(-24))/((-2)/(-12)). Suppose z = k - 3. Let g = 17 - k. List the prime factors of g.
2, 5
Suppose -3*j = -u + 3, 0*u + 5*j = 2*u - 6. Suppose x + 2*t - 7 = -1, u*x + 3*t = 30. List the prime factors of x.
2, 7
Let c(z) = z**3 + 16*z**2 - 17*z + 9. Let f be c(-17). Suppose -2*s - 22 = 32. What are the prime factors of (-222)/s - 2/f?
2
Suppose 2*n + 0*n = -4. List the prime factors of (n/4)/((-6)/216).
2, 3
Let a = -33 + 168. List the prime factors of a.
3, 5
Let d = 208 - 108. What are the prime factors of d?
2, 5
Let b = 25 - 11. Suppose 122 - b = 3*h. Suppose -4*z - 8 = -h. List the prime factors of z.
7
Let r(y) = -y**3 - 4*y**2 - 9*y - 12. What are the prime factors of r(-6)?
2, 3, 19
Let c be -5 - ((-18)/3)/2. Let l be 0 - 4/c - -15. What are the prime factors of l/4 + (-5)/20?
2
Let y = -58 + 83. What are the prime factors of y?
5
Suppose -2*t + 0*t + 5*y - 23 = 0, 2*y - 15 = -5*t. Let a = t + -2. What are the prime factors of -2 - a/((-3)/(-27))?
7
Let l = 52 - 44. What are the prime factors of l?
2
Let g(k) = 4*k**2 + k + 1. List the prime factors of g(2).
19
Suppose 0 = -4*i + 3*g - 6 + 63, -2*g = -3*i + 43. List the prime factors of (-15)/2*(-20)/i.
2, 5
What are the prime factors of 15/45 - 154/(-6)?
2, 13
Suppose 0 = -9*l + 879 + 345. What are the prime factors of l?
2, 17
Let s = 29 + -22. Suppose 5*q + 67 = o, -s*o + 148 = -3*o + 4*q. What are the prime factors of o?
2, 3, 7
Suppose -4*d - 27 = -127. Suppose w = -4*l + 2*w + d, l - w = 10. List the prime factors of l.
5
Suppose 0*p + 635 = 5*x + p, -381 = -3*x - 3*p. List the prime factors of x.
127
List the prime factors of ((-186)/(-15))/(6/30).
2, 31
Let f = 0 + 0. Let o be (2 + -1)*f/(-2). Suppose -5*u - 20 = o, 2*u + 10 = 2*a + 4*u. What are the prime factors of a?
3
Suppose -2*z + 0 = -8, 5*x = z + 356. List the prime factors of x.
2, 3
Let i(h) = -7*h**3 - h + 7. Let k(y) = -y**3 + 1. Let b(s) = -i(s) + 6*k(s). Suppose -l = -0 - 2. List the prime factors of b(l).
3
Suppose -3*y + 70 = -2*y. Suppose -4*b + y + 42 = 0. What are the prime factors of b?
2, 7
Suppose -s + 41 = -5*x, -3*x + x = 3*s - 157. What are the prime factors of s?
3, 17
What are the prime factors of 6/3*13 + 0?
2, 13
Suppose 8*r - 4*r + 3*w + 85 = 0, 4*r + 4*w = -84. List the prime factors of -1 - (2 - 0) - r.
19
Let v(n) = 19*n**2 + n - 1. Let k be v(1). Suppose u = 12 + 8. Suppose 5*r - 2*r - 5*s = -k, -2*s = 5*r - u. What are the prime factors of r?
2
Let c be 1/(-4) - 51/(-12). Suppose 6 - c = x. List the prime factors of (-4)/x - -2 - -3.
3
Let i = 55 - 53. What are the prime factors of i?
2
Let y(i) = 27*i**2. Let m be y(-1). Suppose -3*j + 42 + m = 0. List the prime factors of j.
23
Let w = 11 + -8. Suppose -3*q = -9 + w. What are the prime factors of -3 + 19 + -1 + q?
17
Let m(f) = f**3 + 7*f**2 + 6*f + 6. Let n be m(-7). Let v = -20 - n. List the prime factors of v.
2
Let r(l) be the second derivative of l**5/20 - l**3/6 + 43*l**2/2 + 4*l. List the prime factors of r(0).
43
Suppose -16 = 5*i - 66. Let g(l) = l**3 - 11*l**2 + 9*l - 11. Let z be g(i). Let c = 29 + z. What are the prime factors of c?
2
Let i = 18 + 69. List the prime factors of i/6 + (-1)/(-2).
3, 5
Suppose -2*f + 6 = f. What are the prime factors of (8/3)/(f/18)?
2, 3
Let o = 79 - -142. What are the prime factors of o?
13, 17
Let o = 7 + -5. Suppose 95 = 3*x + o*x. Suppose -2*r + 4*v - 2 = -0*v, -x = -5*r - 2*v. List the prime factors of r.
3
Let v(u) = 5*u - 1. Let q(f) be the second derivative of f**3 - f. Let y(p) = 4*q(p) - 5*v(p). List the prime factors of y(-5).
2, 5
Let s = 396 + -140. What are the prime factors of s?
2
Suppose 4*k - 9 = -0*k - 5*h, 5*k - 3*h = -35. List the prime factors of (-18)/(-12)*k/(-3).
2
Let d be (-6)/24 - 13/(-4). Suppose 0 = d*m - 16 - 14. List the prime factors of m.
2, 5
Suppose 5*i = -g - g + 829, 3 = -g. What are the prime factors of i?
167
Suppose 16 = -5*l - 4*d, 0*l - d - 4 = -5*l. Suppose l = 2*h - 11 - 21. Suppose 0*b - 2*b + h = 0. What are the prime factors of b?
2
Let c(k) = -k**3 - 13*k**2 - 14*k + 2. List the prime factors of c(-12).
2, 13
Suppose 0 = -2*t + 4*d + 10, 0*t - 5*t - 2*d = -13. Suppose x - 92 = -t*x. List the prime factors of x.
23
Suppose 0 = 5*b + 105. Let i = b - -33. What are the prime factors of i?
2, 3
Let k(f) = -5*f + 4. Let x be k(-4). Let u = 37 - x. List the prime factors of u.
13
Suppose 0 = o - 0*o + 29. Let m = o + 53. List the prime factors of m.
2, 3
What are the prime factors of ((-246)/4)/(18/(-36))?
3, 41
Suppose 380 = 83*b - 78*b. List the prime factors of b.
2, 19
Suppose 4*z + 12 = 0, 2*r + 4*z + 40 = 4*r. Suppose -3*q - r + 38 = 0. List the prime factors of q.
2
Let h(b) = b**3 - b + 2. Let i be h(3). Let d = i + -18. List the prime factors of d.
2
Let h = -17 - 8. Let b be ((-10)/h)/(2/140). Suppose 2*r - b = -3*r - 4*d, -2 = r - 3*d. List the prime factors of r.
2
Let d(u) = u. Let k(r) = 11*r. Let o(l) = 6*d(l) - k(l). Let h be -1 + 0*4/(-8). What are the prime factors of o(h)?
5
Let g = -3 - -5. List the prime factors of g*(-1 + (-7)/(-2)).
5
What are the prime factors of ((-9)/2 + 2)/(1/(-30))?
3, 5
Let f(w) = 11*w**3 - 17*w**2 - 24*w + 1. Let r(s) = -7*s**3 + 11*s**2 + 16*s - 1. Let v(k) = -5*f(k) - 8*r(k). What are the prime factors of v(5)?
13
Suppose -2*i + 4*i - 8 = 0. Suppose 0 = -h + 5*h - i*m - 12, -2*m + 6 = h. List the prime factors of h.
2
Let s be 6/(-27) - 6/(-27). Suppose s = 8*v - 3*v - 55. List the prime factors of v.
11
Let t = -37 + 65. Suppose f - t = -3*f. What are the prime factors of f?
7
Suppose 0*j = -j + 4. What are the prime factors of j?
2
Let r be (2 - 3/3)*0. Suppose r = 2*f - 4*f. Suppose -2*h = -f*h - 4. List the prime factors of h.
2
Let n = -419 - -639. What are the prime factors of n?
2, 5, 11
Let f(z) = -z**2 + 7*z. Let n(b) = -b. Let r = 7 + -12. Let m be n(r). What are the prime factors of f(m)?
2, 5
Let y(m) = -m**2 - 19*m - 8. What are the prime factors of y(-8)?
2, 5
Let m be (1 - -1)/((-6)/(-39)). Let a = m + -5. Suppose -f + 2*l - a = 0, -5*f - 6 = -4*l + 4. List the prime factors of f.
2
Let s(m) = m + 3. Let y be s(0). Suppose 0 = -y*j + 15 - 3. Suppose -4*i + 3*i + 78 = 5*d, 4*d - 48 = j*i. What are the prime factors of d?
3, 5
Let v(h) = h**3 + 7*h**2 - 3*h - 5. List the prime factors of v(-5).
2, 3, 5
Suppose -5*j + 29 = 2*y, -15 = -3*y - 0*y + 2*j. Let a(z) = 7*z - z**2 - 2*z**2 + 5 + 2*z**2. What are the prime factors of a(y)?
5
List the prime factors of -4*(-2 - (-9)/(-4)).
17
Let p(g) be the third derivative of g**6/120 - g**5/15 - g**4/8 - g**3/6 + 2*g**2. What are the prime factors of p(5)?
3
Suppose 31*v - 29*v = 68. What are the prime factors of v?
2, 17
Let d be ((-1)/2)/(5/80). Let l = d + 21. List the prime factors of l.
13
Suppose 0*w - 2*w - 5*t = -25, -65 = -2*w + 3*t. What are the prime factors of w?
5
Suppose 6*i = 2*i - 4*o - 36, -4*i + 4*o - 4 = 0.